 2515 is divided by (-712)/(-10) - (-568)/710.
67
Let v be -48*(6 - (-60)/(-9)). Suppose -5*x = -4*k - 202, -5*k - v = 11*x - 12*x. What is the remainder when 209 is divided by x?
41
Suppose -i - 1436 = -3*x, -3*i = -258*x + 263*x - 2398. What is the remainder when x is divided by 55?
39
Suppose 553*s + 1568 = 581*s. What is the remainder when 1840 is divided by s?
48
Suppose 1174 = 156*g + 24 - 722. What is the remainder when 922 is divided by g?
10
Let q(a) = 21 + 9*a + 2*a - 2*a + 2*a + 2*a. Suppose 0 = 5*g - 19 - 41. What is the remainder when q(0) is divided by g?
9
Suppose 28*i + 2*c + 498 = 30*i, 4*i - 1006 = -c. What is the remainder when 761 is divided by i?
8
Suppose 4*z - 9 - 123 = 0. Suppose 0 = -37*o + z*o + 12. What is the remainder when 20 is divided by -44*3/(-36)*o?
9
Let d(u) = 309*u + 214. Calculate the remainder when d(37) is divided by 13.
12
Suppose -8*o - 1256 = -9*o. Suppose 4*q = -4*q + o. What is the remainder when q is divided by 80?
77
Let u(s) = 209*s + 1905. Calculate the remainder when 544 is divided by u(-9).
16
Let j(n) = -n. Let b be j(-1). Let u(x) = 57*x + 4. Let p(w) = -w**3 - 12*w**2 - 14*w - 12. Calculate the remainder when u(b) is divided by p(-11).
19
Let w be 0 + ((-10)/(-8) - (-6)/8). Let l(i) = 49*i**2 + 3*i - 4. Calculate the remainder when l(w) is divided by 20.
18
Suppose 4*q + 4*d - 464 = 6020, 2*q + 3*d - 3242 = 0. Calculate the remainder when q is divided by 135.
1
Suppose 3 = -3*q, -18 = 2*a - 7*a - 2*q. Suppose 0*k + 39 = k + a*u, 2*k - 66 = -5*u. Suppose -5*z = -28 - 2. Calculate the remainder when k is divided by z.
5
Let n(d) = -d**2 - 40*d - 198. What is the remainder when 626 is divided by n(-32)?
46
Let g = 38 - 30. Let j = 66 - g. Suppose 45 = 2*s - 15. Calculate the remainder when j is divided by s.
28
Calculate the remainder when 935 is divided by (-16)/(-52) + 9953/481.
11
Suppose 2*o + 52 = 60. Suppose -d + o = 4*b - 7, 2*d = -b + 57. Let u = 28 + d. What is the remainder when u is divided by 20?
19
Let i = -179 + 263. What is the remainder when i is divided by (102/(-12))/(14/4 - 4)?
16
Let b(d) = d**2 - d - 2. Let r be b(2). Suppose 0*p - 13*p + 2184 = r. Suppose -4*o + 34 = -3*o. Calculate the remainder when p is divided by o.
32
Let y(m) = 2*m**3 + 18*m**2 - 25*m - 45. Let u be y(-10). Suppose 6 = 3*f, u*q + 40*f - 412 = 39*f. What is the remainder when q is divided by 29?
24
Suppose -l + 2*m + 2471 = 326, l + 2*m = 2137. Calculate the remainder when l is divided by 32.
29
Suppose -1188*n + 7192 = -1126*n. Calculate the remainder when 154 is divided by n.
38
Suppose o - 5*o = -20. Suppose -4*h - o = -61. Let j = -1251 + 1272. Calculate the remainder when j is divided by h.
7
Let m be (3 + (2 - -27) - 0) + 0. Let p = -31 + m. Calculate the remainder when 79 is divided by -2 + 5 + p + 12.
15
Suppose -4*f = 5*n + 1426, -5*n + 388 = -3*f - 699. Let l = f - -736. What is the remainder when l is divided by 21?
20
Let c = 378 + -361. Suppose 2*w = -5*w + 693. Suppose 0*k - 3*k = -w. Calculate the remainder when k is divided by c.
16
Suppose -5*a = 3*i - 15, -a + 5*i + 0*i - 25 = 0. Suppose 26*u - 30*u + 176 = a. Suppose 50*w - 52*w = -u. What is the remainder when 80 is divided by w?
14
Suppose 19*h - 1750 = -16*h. Let j(f) = -f**3 + 12*f**2 - 8*f - 13. Calculate the remainder when h is divided by j(11).
10
Let a = 1451 - 1164. Calculate the remainder when a is divided by 1 + 475/(4 - -1).
95
Let a(u) = -69*u**2 + 11*u + 12. Let y be a(-1). Suppose -2*w + 80 = 3*w. What is the remainder when w is divided by y/(-12)*1 + 38/(-57)?
1
Let s = 10 + 73. Let i = 127 - s. What is the remainder when i is divided by 8?
4
Suppose 2*s + 3*j = s + 23, 0 = 3*s + 5*j - 89. Let g(k) = -k**2 + 17*k - 62. Calculate the remainder when s is divided by g(9).
8
Suppose -6*u - 969 = -25*u. Suppose -2*f + 4*x + 162 = 0, f - 10 = -2*x + u. Calculate the remainder when 139 is divided by f.
68
Suppose 63*a - 8*a = -118*a + 19203. Calculate the remainder when 887 is divided by a.
110
Let v = -10803 - -17557. What is the remainder when v is divided by 35?
34
Let u be -4*(-21)/28 - -3. Suppose 132 - 366 = -u*d. What is the remainder when d is divided by (3 - 5/4)*4?
4
Let i = 97 + -84. Suppose 9*n = i*n - 44. Calculate the remainder when 28 is divided by n.
6
Let j(g) = -g**2 + 22*g + 6. Let l(f) = 3*f**2 - 68*f - 17. Let t(x) = 7*j(x) + 2*l(x). Calculate the remainder when 354 is divided by t(9).
87
Suppose -2*k - 4*t = -10, 5*k - 20 = -3*t - 2*t. What is the remainder when 7 + -3 + 1/(k/18) is divided by 4?
2
Let a = 1634 + -1348. What is the remainder when 1148 is divided by a?
4
Calculate the remainder when (3 - (12 - 6))/((-24)/3016) is divided by 18.
17
Suppose -p + 2*o + 28 = 0, 0 = 3*o - o - 2. Let j = 54 - p. Suppose 4*v - j = -d, 5*d = 5*v - 19 - 36. What is the remainder when 24 is divided by v?
3
Let g(s) be the second derivative of -s**5/20 - s**3/6 + 5*s**2 + s. Let i = 15449 - 15420. Calculate the remainder when i is divided by g(0).
9
Let c = 87 - 6. Calculate the remainder when c is divided by 7/2 - (1098/(-72) + (-63)/(-36)).
13
Suppose -44*w + 53*w = -8*w + 68. Let h be 25/9 + 4/18. Suppose h*q = 5*q - 44. What is the remainder when q is divided by w?
2
Calculate the remainder when 27/(-15) + (-131852)/(-340) is divided by 189.
8
Suppose -493 = 4*c + 4*w - 521, 10 = -2*w. Let x = 2 + 6. What is the remainder when c is divided by (x - -2) + -3 + 1?
4
Suppose 5*s = 5, 5*s - 560 = 5*h + 1195. Let g = -317 - h. Calculate the remainder when 59 is divided by g.
26
Suppose -2875 = 2602*d - 2608*d + 4889. What is the remainder when d is divided by 18?
16
Calculate the remainder when 51 is divided by (4*2/40)/(81/16605).
10
Let a = -378 + 380. Calculate the remainder when a*(-8)/((-80)/105) + -6 is divided by 15.
0
Let y = -244 + 451. Suppose -5*p + y = -2*x, -2*x - 43 = 35*p - 36*p. Calculate the remainder when 256 is divided by p.
10
Let u(d) = -11*d - 67. Let k be u(-6). What is the remainder when 337 is divided by ((-34)/6 + k)/(148/(-111))?
2
Suppose 0 = 4*s - 5*c - 121, 2*s + c = -s + 67. Calculate the remainder when 18 is divided by (1*(-39)/3)/(23 - s).
5
Let a = -28 - -60. Suppose -5*x - 25 + 121 = z, -2*x = 2*z - 136. Calculate the remainder when z is divided by a.
29
Let n(x) = -3*x + 39. Let h be n(6). Suppose 5*v = 4*z + h + 39, z + 59 = 4*v. What is the remainder when 40 is divided by v?
8
Let g(l) = l**2 + 14*l + 71. Let m(n) = 16*n**2 - 130*n + 4. Let f be m(8). Suppose 0 = 2*k - 3*k + 8. Calculate the remainder when g(f) is divided by k.
7
Suppose 2*u + 6 = -4*c, -6 = u + 7*c - 4*c. Suppose g = t + u*g - 81, 4*t - 3*g = 335. What is the remainder when t is divided by 4 + (9 + -7 - (25 - 41))?
17
Suppose -4*l - 2*r + 101728 = 28334, l - 18347 = -2*r. Calculate the remainder when l is divided by 296.
293
Let y(x) = -2*x**2 + 19*x + 35. Let d(j) = -j - 1. Let v(g) = -6*d(g) - y(g). Calculate the remainder when v(12) is divided by 39.
25
Let u = 904 + 4186. Calculate the remainder when u is divided by 67.
65
Let s = -44 - -48. Let l(c) = c**2 - 10*c + 14. Let i = -45 - -55. Calculate the remainder when l(i) is divided by s.
2
Let p = 48 - -3. Let d(x) = x + 10. Let n be d(-7). Suppose 451 = 2*q + q + 2*j, 3*q - n*j = 441. What is the remainder when q is divided by p?
47
Suppose 2937*i - 1287 = 2926*i. Calculate the remainder when i is divided by 180/8*6/9.
12
Let h be 42/8 - 10/40. Let z(r) = -7*r + 19. Let g be z(h). Let a(j) = -j**2 - 26*j - 51. What is the remainder when a(g) is divided by 37?
35
Let d(k) be the first derivative of -k**2 + 11*k + 2. Let r be -4 + (-3)/(-9)*-9. What is the remainder when 96 is divided by d(r)?
21
Let p(r) = r**3 - 6*r**2 + 6*r + 1. Let s = -211 - -196. What is the remainder when p(5) is divided by ((-73)/s - (-48)/360) + 0?
1
Suppose -66 = f + f. Suppose -3*x - 5*o = -152, -80 = 3*x - 5*x + 2*o. Let b = f + x. What is the remainder when 32 is divided by b?
10
Suppose 2*t - c = 3177, 0 = -157*t + 153*t - 3*c + 6329. Calculate the remainder when t is divided by 157.
16
Let f(y) = -y**2 - 82*y - 1175. Calculate the remainder when 734 is divided by f(-19).
8
Let d(k) = 5*k**2 - 442*k + 2201. What is the remainder when 2069 is divided by d(5)?
97
Let d(p) 